 be p(-3). Suppose -y = -5*o + 3*o. Suppose 0 = 2*w - o, -196 - 2 = -3*k + 3*w. What is the greatest common divisor of 17 and k?
17
Suppose 0*l + l - 23 = -5*t, -4*t - 14 = -l. Suppose -2*a = -6*a + 48. What is the greatest common factor of a and l?
6
Let j be 42/(-9)*36/(-8). Calculate the highest common factor of 42 and j.
21
Let a be 4/20 + (-222)/10. Let i = 59 - a. What is the greatest common factor of i and 9?
9
Suppose -3*w + 4*h + 70 = 0, -5*w + 116 = -3*h + 3. Calculate the greatest common factor of 55 and w.
11
Suppose 5*n = x + 102, 5*x - 3 + 13 = 0. Let a = n + -13. Let h = a - -4. What is the highest common factor of 1 and h?
1
Let n = -105 + 125. What is the highest common divisor of 20 and n?
20
Suppose 3*m = 2*j + 2*j - 12, 4*m - 2*j = -6. Suppose 3*y = 6*y - 33. Suppose -5*a + 9 + y = m. What is the greatest common factor of a and 32?
4
Suppose 4*z - 105 = -z. Let n(b) be the third derivative of 25*b**4/24 - b**3/2 - 3*b**2. Let q be n(6). What is the greatest common factor of q and z?
21
Suppose 8 = 2*v, -136 = -j - 4*j + v. What is the highest common factor of 14 and j?
14
Suppose 1 = 3*j - 4*u - u, 8 = 5*j - 2*u. Calculate the highest common divisor of j and 1.
1
Suppose -2*s - s + 42 = 0. What is the highest common divisor of 7 and s?
7
Let t be (-3)/(1 - -2) - -5. Calculate the highest common factor of t and 10.
2
Let o be 1 + 3*(-4)/6. Let b(i) = -13*i**3 - i**2 - 2*i - 1. Let x be b(o). Suppose -f + 468 = 3*f. What is the highest common divisor of x and f?
13
Let x(v) = 94*v + 1. Let c be x(1). Let j = 9 + 10. What is the highest common factor of c and j?
19
Let s be 4/8*(-1 + -7). Let q be s/18 + (-681)/(-27). Suppose 0 = -3*b - 5*n, 0 = b + 4*n + 10 - 3. Calculate the greatest common factor of q and b.
5
Let v be (2/6)/((-7)/42). Let n be 12 - ((-8)/v - 3). Suppose -4*x + 5*x - 99 = 0. Calculate the greatest common divisor of x and n.
11
Let z be (50 - 2)*2/6. What is the highest common divisor of 40 and z?
8
Let x be (-5)/(0 + (-1 - -2)). Let f be (33/15 - 1)*x. Let m(r) = -4*r - 3. Let c be m(f). What is the highest common factor of c and 14?
7
Let j(r) = -r + 2. Let s be j(-2). Calculate the highest common factor of 12 and s.
4
Let o be 1 + 3/(-9) - (-22)/3. What is the highest common divisor of o and 56?
8
Let x(v) = 132*v**2 + v - 1. Let o be x(1). What is the highest common factor of 12 and o?
12
Let q = -1 - -4. Suppose -2*l = -9*v + 4*v + 11, -2*v + 31 = q*l. Suppose -2 = 3*o - 5*o. What is the highest common factor of l and o?
1
Suppose 3*i + 888 = 2*d + 3*d, -172 = -d + 2*i. What is the highest common factor of d and 20?
20
Suppose -3*u + w + w + 13 = 0, 2*u + w = 4. Suppose -46 = -u*t + 74. Calculate the greatest common divisor of 8 and t.
8
Let n be ((-6)/9)/(2/(-6)). Let d = n + 1. Suppose -d*r = 4*t - 377, -580 = -4*r - r + 3*t. Calculate the greatest common divisor of r and 17.
17
Let s be ((-5)/(40/6))/((-3)/72). Suppose -3*t - 2*b = -54, -5*t - 6*b = -7*b - 90. Calculate the highest common factor of t and s.
18
Let z(w) = w**2 + 5*w + 4. Let i be z(-5). Suppose -5*j + 2*j - 2*a + 8 = 0, -4*j - i*a = -4. What is the greatest common divisor of j and 4?
2
Suppose -2*a + 25 = 5*g, -21 = -5*g - 3*a + 4. Suppose 0 = -3*i - 2*i + g. Calculate the greatest common divisor of 3 and i.
1
Let f(g) = -g - 1. Let t = -2 + 0. Let l be f(t). What is the greatest common divisor of 6 and l?
1
Let o(c) = -c - 2. Let p be o(-5). Suppose -b + 3 = 4*w - 0*b, -p*w + b = -4. Let m be (-6)/9*3 - -9. Calculate the highest common factor of w and m.
1
Let x = 6 + 82. What is the highest common factor of 8 and x?
8
Suppose -56 = -2*z - 2*z. Let p be 32/14 + (-4)/z. What is the highest common factor of 8 and p?
2
Suppose -5*c = -5*h + 45, h + 2*c = 2*h - 11. Suppose 3*a = h*a - 120. What is the highest common divisor of 20 and a?
10
Let l(d) = -6 - d**3 - 5*d**2 + d**2 + 1 - 8*d. Let v be l(-5). Let w(s) = s**2 - 2*s - 15. Let g be w(-5). What is the greatest common factor of v and g?
20
Suppose 60 + 52 = 4*v. What is the greatest common divisor of 4 and v?
4
Let k = 5 - 3. Suppose 0 = 4*g, -2*u - 2*g - 5 + 21 = 0. Calculate the greatest common divisor of k and u.
2
Suppose 0 = 2*g - m - 52, 0 = -5*g + 3*m + 132. Suppose -g = -3*x + x + 2*d, -54 = -5*x + 2*d. Calculate the highest common factor of 20 and x.
10
Let u = 5 - 3. Suppose -12 + 4 = -4*a. What is the highest common divisor of a and u?
2
Suppose 0 = -b - 4*z + 4, 2*b - 9 + 1 = -2*z. Suppose -b*y = 4*u - 9 - 15, 4*u - y = 19. Let r = 21 + 9. Calculate the highest common divisor of u and r.
5
Let p(n) = 2*n + 1. Let r(k) = 9*k + 3. Let c(i) = -15*p(i) + 4*r(i). Suppose 2*m - 8 = m. Let b be c(m). What is the greatest common divisor of b and 5?
5
Let p(r) = r**2 + r + 1. Let g be p(-2). Suppose -2*i + 5*c + 60 = 3*i, 0 = -i - 5*c + 30. What is the highest common factor of g and i?
3
Let r = -10 + 24. Calculate the highest common divisor of 126 and r.
14
Let v(x) = x**2 - 6*x - 4. Let n be v(10). Calculate the greatest common divisor of 54 and n.
18
Suppose 2*l = 3*m - 648 + 70, 579 = 3*m - 3*l. What is the highest common divisor of 24 and m?
24
Suppose 2*z + 42 + 24 = 4*j, -2*j = -3*z - 43. Let w(r) = 18*r + 2. Let f be w(3). Calculate the highest common factor of j and f.
14
Let h(r) = -r**3 + 6*r**2 + 10*r - 17. Let w be h(7). Let j be (1*16)/(1/2). What is the highest common factor of j and w?
4
Suppose 4*i - 53 = -5. Suppose t + 3*c = 99, -t + 3*c + 25 = -44. What is the greatest common factor of i and t?
12
Let g(d) = 3*d. Let z be g(-1). Let w be (-2 + 3)*z - -21. Suppose 0*i + 2*s = -i + 3, 2*s + w = 2*i. What is the highest common divisor of 28 and i?
7
Suppose -7*l + 3 = -25. What is the highest common factor of 4 and l?
4
Suppose -5*f + 547 = 3*z, 5*z = 4*f - f - 335. What is the greatest common divisor of 10 and f?
10
Let d be -6*(-18)/(-27)*(0 + -35). What is the highest common divisor of d and 28?
28
Suppose -3*z - 2*z = 125. Let j = -18 - z. Let k = 13 - j. What is the highest common factor of k and 24?
6
Let r(j) = -3*j - 8. Let x be r(-5). What is the greatest common factor of 1 and x?
1
Suppose -621 = 4*k - 13. Let s be (-4)/18 - k/36. Calculate the greatest common factor of s and 2.
2
Let l(s) = -2*s**3 - 7*s**2 + 13*s + 12. Let v be l(-8). Suppose 5*c - v = c. What is the greatest common divisor of 11 and c?
11
Suppose -4*q + 2*b - 2 = 0, 4*q - 8 = -4*b + 8. Suppose 3*t - 4 = -q. Let z be 3 - 1 - (0 + t). Calculate the greatest common divisor of 2 and z.
1
Let d be 17 + (-6 - (-1 - 2)). Calculate the highest common divisor of d and 7.
7
Suppose 0*v + 8 = v + t, 15 = 3*t. Calculate the greatest common factor of v and 2.
1
Suppose 0*q = 2*q - 112. Let m(p) = -4*p. Let w be m(-1). Let r be (-14)/3*(-7 + w). Calculate the greatest common divisor of q and r.
14
Let m be -150*(-8)/(-60)*-18. Calculate the greatest common divisor of m and 40.
40
Suppose 0*w = -5*w + 15. Suppose -17 = 2*u + w. Let d = -5 - u. Calculate the highest common factor of d and 5.
5
Suppose 2*m + 3*m - 715 = 0. Suppose 4*s = s. Suppose -3*w = -5*f - 24, 5*w = -s*f - 4*f + 77. Calculate the highest common divisor of m and w.
13
Suppose 3*m = f + 30, 7*f = 4*f + 4*m - 95. Let o = -13 - f. Suppose 5*h = 4*a + 2*h - 2, 5*a + 5*h = o. What is the highest common divisor of 18 and a?
2
Suppose 500 = 3*i - 148. What is the highest common factor of i and 24?
24
Let b be ((-1)/(-2))/((-7)/(-14)). What is the highest common divisor of 5 and b?
1
Suppose 6*l = 2*l + 40. Calculate the greatest common factor of 15 and l.
5
Let a = -1 - -1. Suppose a = 5*l - 2*f - 7, 4*l - 4*f = -3 - 1. What is the highest common factor of 15 and l?
3
Suppose 80 = 4*y - 28. What is the highest common divisor of y and 297?
27
Suppose 4*j - z - 1334 = 0, 2*j = 5*z + 992 - 316. Let c = j - 216. Calculate the highest common factor of 13 and c.
13
Let y be (-40)/(-3)*60/8. Suppose 7*z - y = 3*z. Calculate the greatest common divisor of 5 and z.
5
Suppose 1 = 2*t - 3. Let k(f) = -2*f + 15. Let i be k(6). What is the greatest common divisor of t and i?
1
Suppose 58 = 2*g - 54. Calculate the highest common factor of 14 and g.
14
Suppose 9*h = 5*h + 288. Suppose 5*v = 3*v + h. Calculate the highest common factor of 12 and v